**3 + 5*b**2 + 2*b + 1. What is the remainder when f/2 + (-3)/(-6) is divided by l(-2)?
8
Let n(p) = p**2 - 8*p + 3. Let u be n(7). Let z = u + 0. What is the remainder when 24 is divided by (-3 + 1)*26/z?
11
Let x(s) be the second derivative of -s**4/12 + 4*s**3/3 - 5*s**2/2 - s. Let q = -14 - -26. Calculate the remainder when q is divided by x(6).
5
Let a(f) = 5*f**2 - 2*f - 6. What is the remainder when 98 is divided by a(3)?
32
Let i = -28 + 31. Calculate the remainder when 26/3 + 3/9 is divided by i.
0
Let f(r) = -5*r - 6. Suppose -5*h + 0*a = 4*a - 21, -2*h + a = 2. What is the remainder when f(-5) is divided by ((-14)/(-2) + -2)/h?
4
Suppose -3*k + 128 = 4*p, -96 = -3*k - 5*p + 34. Let q(o) = -o. Let r be q(-4). Suppose -r*l + k + 44 = 0. What is the remainder when l is divided by 11?
10
Suppose 5*r - 21 = -2*w - 0*r, -2*w + 5*r + 51 = 0. Calculate the remainder when 32 is divided by w.
14
Let i(h) = -28*h**3 + 2*h - 1. Let k be i(1). Let q = -5 - k. Suppose -4 = 2*a - q. What is the remainder when 25 is divided by a?
7
Let o(a) be the first derivative of -a**4/4 - 8*a**3/3 - 5*a**2 - 2*a + 2. Calculate the remainder when 74 is divided by o(-7).
17
Let u be (-8)/(-10)*(-20)/(-8). Let a(s) = s + 1. Let l(m) = -8*m - 2. Let g(p) = -2*a(p) - l(p). What is the remainder when 22 is divided by g(u)?
10
Let a(m) = m**3 + 7*m**2 - 4. Let v be a(-7). Suppose 4*y + 2*l = -2*l + 40, 2*l = 2*y - 8. Let h = v + y. What is the remainder when 8 is divided by h?
2
Let v be (1/(-2))/(4/(-32)). Suppose -r - w - 5 = w, v*r + 33 = 5*w. Calculate the remainder when 4/(4/2) - r is divided by 5.
4
Suppose 2*q = 1 + 7. Calculate the remainder when ((-34)/17)/((-2)/10) is divided by q.
2
What is the remainder when 65 is divided by -1*(-14 + 6/(-2))?
14
Let i(k) be the second derivative of 0 + 4*k + 2/3*k**3 + k**2 + 7/12*k**4. Calculate the remainder when i(-2) is divided by 6.
4
Calculate the remainder when 69 is divided by 12/(-24) - 98/(-4).
21
Suppose 5*u = -7 + 77. Let r be 1 + (-1 - -1) + 1. Suppose 4*w - u = r*w. Calculate the remainder when w is divided by 3.
1
Suppose 0 = 3*k - 7*k - 4. Let n be (0 - k) + 0 + 2. Suppose -f + 15 = -n. Calculate the remainder when f is divided by 10.
8
Suppose -11 = -7*c - 4. Calculate the remainder when 4 is divided by c.
0
Let n(y) = y**3 + 3*y**2 - 2*y - 4. Let o be n(-3). Suppose -o*a + 24 = -a. What is the remainder when 69 is divided by a?
21
Suppose -2*f + 6 + 0 = 0. Suppose 4*w + 2*j = 13 - 3, 5*w - 4*j - 45 = 0. What is the remainder when w is divided by f?
2
Suppose -8 = -p - 3. Suppose -4*m = -3*m - p. Suppose -n - 1 = -m. Calculate the remainder when n is divided by 3.
1
Let h = 47 + -39. Calculate the remainder when h is divided by 3.
2
Suppose 10 = -3*g + 40. What is the remainder when 47 is divided by g?
7
Let d(w) = -w**3 + 3*w**2 + 6*w - 5. Let o = 10 - 6. Let j be d(o). Suppose j*v = -2*v + 160. What is the remainder when v is divided by 11?
10
Let w = -2 - -38. Calculate the remainder when w is divided by 13.
10
Let v = 155 - 80. What is the remainder when v is divided by 11?
9
Suppose -4*d = -z - 1, z + 0*z = -4*d + 7. Let o(r) = -r - 18*r**2 + 10*r**2 + r**z - 9 - 5*r. Calculate the remainder when 70 is divided by o(9).
16
Let z be 2/2 + -1 + -13. Let x = z - -16. Calculate the remainder when x is divided by 3.
0
Let l = -5 + 12. Calculate the remainder when l is divided by 4 + (-2 - -1) + 1.
3
Suppose 8*x - 5*x - 66 = 0. Calculate the remainder when x is divided by 8.
6
Suppose -8 - 10 = -2*y. Calculate the remainder when 70 is divided by y.
7
Suppose -4*u = -u - 33. Suppose -m = j - 6, 0 = -5*m + 2*j + 3*j + 30. Calculate the remainder when u is divided by m.
5
Let i = -1 - -30. Let k = 21 + -11. Calculate the remainder when i is divided by k.
9
Let t = -26 + 106. Suppose -2*k + 40 = -t. Suppose -v = 3*m - 34, -k - 50 = -3*v - 5*m. Calculate the remainder when v is divided by 14.
12
Suppose -i = -6*i + 65. Let v(t) = -t**3 - 2*t**2 + 6*t - 5. Let f be v(-5). Suppose 5*j = 230 - f. What is the remainder when j is divided by i?
12
What is the remainder when 45 is divided by (-2)/(-2)*(-69)/(0 + -3)?
22
Suppose 0 = k - 12 - 14. Calculate the remainder when 75 is divided by k.
23
Let k(o) = o**2 + 3*o - 4. Suppose 2*z - 7*z = -40. What is the remainder when k(-6) is divided by z?
6
Suppose 4*k - 43 - 19 = -2*z, 0 = z - 5*k - 3. Suppose j = -0*j - 3*x + 76, 435 = 5*j + 4*x. Calculate the remainder when j is divided by z.
22
Let k be 2*(10/4 + -1). What is the remainder when 2*(k/(-2) - -2) is divided by 1 - 2 - (-2)/1?
0
Let w(t) = -2*t**2 - 2*t - 1. Let q be w(-2). What is the remainder when (-124)/q - (-1)/5 is divided by 14?
11
Let u(v) = -v + 5. Suppose 3 + 4 = -d. Suppose 3*o - 9 = 129. Calculate the remainder when o is divided by u(d).
10
Let c = -8 - -50. Calculate the remainder when c is divided by 5.
2
Let f(h) = 3*h**3 - h**2 + 1. Suppose 4*b - 3 = b. Let x be f(b). Suppose -x*t + 5 = 4*i + 8, 2*t + 25 = 5*i. Calculate the remainder when 5 is divided by i.
2
Let r(z) = -z**2 - 6*z - 1. Let t be r(-5). Suppose -i = 4*p - 28, t*p + p = -i + 34. What is the remainder when 10 is divided by p?
4
Let f(b) = -15*b + 1. Suppose -4*y = 4*i - 6*i + 106, -3*i = -3*y - 150. Calculate the remainder when i is divided by f(-1).
15
Let b(h) = -h**3 - 4*h**2 - 3*h - 2. Let n be b(-4). Suppose 5*f = 4*f + n. Suppose -k + 3 = -f. Calculate the remainder when k is divided by 5.
3
Suppose 13 = 2*g - 11. Suppose -t = -0*t + o, -3*o - 9 = 0. Suppose 2*f - 46 = 3*r, 92 = 4*f + r - t*r. Calculate the remainder when f is divided by g.
11
Let z be ((-4)/14)/((-6)/42). Suppose t - z*t = -11. Calculate the remainder when 53 is divided by t.
9
Let c(m) = -m - 9. Let d be c(-14). Suppose -4*h + 218 = -h + d*r, -5*r + 66 = h. Calculate the remainder when h is divided by 26.
24
Let s be 15/2*4/5. Suppose -5*k + 0*k + 3*l = -106, 0 = 2*l - s. Let u(d) = -d**2 - 9*d - 6. Calculate the remainder when k is divided by u(-6).
11
Suppose 3*n - 21 = r - 4*r, -n = 3. Calculate the remainder when 33 is divided by r.
3
Suppose 0 = 86*o - 84*o - 78. What is the remainder when o is divided by 22?
17
Suppose 70 = 8*h - 3*h. Calculate the remainder when 81 is divided by h.
11
Let w = 19 - 16. Let n = 4 + -2. Calculate the remainder when w is divided by n.
1
Suppose -6*m + 4*m = 42. What is the remainder when 41 is divided by 1*5/((-5)/m)?
20
Suppose -48 = -r - 5. Suppose -r = -2*j - h, -j + h + 14 = -15. Suppose f - 18 = -5. Calculate the remainder when j is divided by f.
11
Let b = 374 + -191. What is the remainder when b is divided by 37?
35
Suppose -5*w = -4*w - 2. Let l = -52 - -105. What is the remainder when l is divided by 3/(9/84*w)?
11
Let d = 23 + -11. Suppose -a - 3 = -d. Calculate the remainder when ((-4)/3 + 2)*39 is divided by a.
8
Suppose 0 = -h + 6. What is the remainder when h is divided by 4?
2
Let j(t) = t**3 + 3*t**2 - t. Let q be j(-3). Suppose 0 = n + q*r - 21, 4*n - 3*r - 2*r = -1. What is the remainder when 9 is divided by n?
3
Let h(j) = -49*j**3 + 4*j + 2. Calculate the remainder when h(-1) is divided by 16.
15
Let t = 49 + -5. Calculate the remainder when t is divided by (0 + 2)*30/4.
14
Let j(r) = -r**2 - 9*r - 9. Suppose 2*q - z = 31 - 4, 2*z - 2 = 0. What is the remainder when q is divided by j(-7)?
4
Let c(v) = v**3 - 7*v**2 - 15*v + 22. Calculate the remainder when c(9) is divided by 17.
15
Let g(r) = -r**2 + 5*r - 1. Let j = -5 + 9. Let o be g(j). Calculate the remainder when 4 is divided by 3/9*o*3.
1
Suppose 3*w - 6*w = -45. Let j = 86 + -59. What is the remainder when j is divided by w?
12
Let j(x) be the second derivative of -x**3/3 - x**2 - 2*x. What is the remainder when 17 is divided by j(-4)?
5
Let t = 5 - 3. What is the remainder when t is divided by (2 + -1)/((-2)/(-4))?
0
Let v = 23 - 7. Let u be ((-14)/(-21))/((-4)/30). Let f = 40 - u. Calculate the remainder when f is divided by v.
13
Let m = 8 + -5. Suppose a + 30 = m*a. Suppose -2*y = 2*y - 112. Calculate the remainder when y is divided by a.
13
Calculate the remainder when 4*111/6 - -1 is divided by 19.
18
Let v(u) = -11*u + 11. Let k(h) = 7*h - 7. Let x(i) = -8*k(i) - 5*v(i). What is the remainder when 17 is divided by x(-5)?
5
Let q(l)